 7*u + 46. Is r(u) a prime number?
True
Let y(j) = -228*j - 30. Let m(z) = 8*z + 32. Let g be m(-5). Let l be y(g). Let i = l + -893. Is i prime?
False
Let p be (25/4)/5*-4 + 9. Suppose -l = -2*d - d - 1798, p*l - 7175 = -5*d. Is l a prime number?
False
Suppose -532*t = -539*t - 61089. Let x = t + 18860. Is x a prime number?
True
Suppose 0 = 4*n - 3*v - 77779, 0 = n + 97*v - 99*v - 19451. Is n a prime number?
True
Let v = -119 - -140. Suppose -40745 = -v*f - 8*f. Is f prime?
False
Let q(j) = -53*j**3 - 18*j**2 + 27*j - 27. Is q(-11) prime?
True
Let d be (-263)/9 + (-2)/(-9). Let b(y) = y**3 + 33*y**2 + 7*y - 8. Is b(d) composite?
True
Suppose 3454 + 7623 = -19*w. Let f = w + 990. Is f prime?
False
Let n(v) = -v**3 - 5*v**2 + 13*v - 6. Let b(c) = c**3 + 6*c**2 - 14*c + 6. Let z(i) = -2*b(i) - 3*n(i). Is z(7) a composite number?
False
Is 4 - 3940476/(-18) - (6 - (-51)/(-9)) composite?
True
Is (-2)/(-7)*-1 - 37828159/(-1561) prime?
False
Let v(d) = -d**3 - 15*d**2 - 13*d - 8. Let y be v(-14). Let j be 42/(-231) - (-62)/y. Is j/1 + 193 + 9 composite?
False
Let y be -3 - (-1 + -8 + 1). Is 780922/370 - (-2)/y composite?
False
Let c(r) = 23*r**3 + 37*r - 23. Suppose 0 = -2*j - 89 + 105. Is c(j) a prime number?
True
Let u(t) = -t**2 - 20*t - 19. Let v(q) = -q**2 - 2*q - 11. Let p be v(-4). Let o be u(p). Let s(h) = -3*h + 2897. Is s(o) a composite number?
False
Suppose 64*u + 1069341 = 3687517. Is u a prime number?
False
Is 123295/35*-28*2/(-8) composite?
False
Suppose 32*c - 33 = 63. Suppose -c*a + 17524 = a. Is a a prime number?
False
Let f = 3886 - 2095. Suppose b - 877 = 2411. Let m = b - f. Is m prime?
False
Let k(o) = 7*o**2 + 9*o + 11. Let f be k(-5). Suppose 4327 = -140*c + f*c. Is c composite?
False
Let a = 673 + -668. Suppose 3*y - a*f = 21412, 2*y = -f + 18067 - 3814. Is y a prime number?
True
Let z be 38*219/2*-1. Let f = -2360 - z. Is f prime?
True
Let w = -3982 + 3982. Suppose 3*l = -2*l. Suppose w*c + 2*c - 446 = l. Is c a prime number?
True
Let w(f) be the first derivative of -169*f**4/24 + 19*f**3/6 - 11*f**2 - 2. Let q(u) be the second derivative of w(u). Is q(-10) composite?
False
Let w(l) be the first derivative of -l**4/2 + 4*l**3/3 - 5*l**2/2 + 11*l - 17. Is w(-4) composite?
False
Suppose -44*f - 94*f - 26*f = -7495292. Is f prime?
False
Suppose -437*s = -442*s + 3*q + 1274776, 3*s = -5*q + 764886. Is s a composite number?
True
Suppose -251*x = -212*x - 5211609. Is x prime?
True
Suppose 96*r - 94*r - 70726 = 0. Is r a composite number?
False
Let x = -5145 - -39964. Is x a composite number?
False
Suppose -4*f - 2*f = -24. Suppose -45010 = -6*z - f*z. Is z composite?
True
Let d(c) = 19*c - 16. Let j(a) = -10*a - 13. Let p be ((-2)/6)/(15/135). Let n be j(p). Is d(n) a composite number?
False
Suppose -25*u + 224 = 74. Let t(l) be the first derivative of 3*l**4/2 - 7*l**3/3 + 2*l**2 + l + 1. Is t(u) composite?
False
Let q = -49 + -47. Let l = q - -350. Is l a prime number?
False
Let x(d) = -1564 + d**2 + 2*d + 2253 - 4*d. Is x(0) a prime number?
False
Suppose 5*j = -5*h + 3062800, -12*j + 16*j = h + 2450205. Is j composite?
False
Suppose -5*c + 4*c - 458067 = -15*w, -3*w + 5*c + 91599 = 0. Is w a prime number?
False
Let n = 2684 - 1906. Let r be 5*(4 + n/10). Suppose 3*j + r = 4*j. Is j a prime number?
True
Suppose 0 = -56*h - 14*h - 19*h + 979. Suppose 4*z = -z. Suppose -h*p + 12*p - 921 = z. Is p a composite number?
True
Is 958*321 + ((-54)/8 - (-28)/(-112)) composite?
False
Suppose 4*j + i = 4582, j - 4*i = -4*j + 5717. Let n = -604 + j. Is n a composite number?
False
Let f(r) = -23806*r - 7919. Is f(-15) a prime number?
True
Let y(c) = -68*c**3 - 24*c - 10. Let a be y(-10). Is 3/5*a/2 prime?
False
Is 43027740/450 + (-1 - 12/(-15)) a composite number?
False
Let u = -131910 + 241336. Is u a composite number?
True
Suppose 0*w = 6*w - 96. Suppose -3*x + 4*t = -w, -2*x = -0*x - 4*t - 16. Suppose x*l + 2*u = l - 85, 0 = 2*l + 5*u - 143. Is l prime?
True
Let m = 13021 - 6965. Suppose -m = -3*c + 2*s, -s = -2*c + 5098 - 1060. Suppose 0 = -5*v + c + 2745. Is v prime?
True
Let g(w) = -7*w - 15 + 22*w - 10*w + 26*w**2. Let x be g(6). Suppose -x = -7*c + 4*c. Is c a prime number?
True
Suppose 40 = 6*r - r. Suppose 2*s = -2*s + r, -4*j - s = -2. Suppose -w + 132 + 545 = j. Is w a prime number?
True
Let s(i) = 60373*i + 5454. Is s(25) prime?
False
Suppose 0 = 2*z + 33*z - 5262005. Is z a prime number?
True
Let a = -38 - -45. Suppose 3*h + 6 = 3*v, -3*h - 3*v + 7*v - 11 = 0. Suppose a*s = 3*s + j + 2692, -3*j = -h*s + 2019. Is s prime?
True
Suppose 2*d = 4*y + 12, 0*d - 2*d - 6 = 5*y. Let t(c) = 2333*c**3 - 2*c**2 - 3. Is t(d) prime?
False
Is 2*3872274/72 + (-4 - (-115)/30) a prime number?
True
Let w(d) = d + 37. Let p be w(-9). Suppose p*s - 29*s = -1249. Is s a composite number?
False
Let l(d) = d**3 - 7*d**2 + d - 4. Let n be l(7). Suppose -3*t - c + 243 = 0, -n*c - 316 = -4*t - 7*c. Suppose b - 121 = t. Is b prime?
False
Let j(h) = 6*h - 70. Let w be j(12). Is 127953/105 - w/(-5) a prime number?
False
Let b(y) = 2805*y**3 - y**2 - 23*y + 83. Is b(6) a prime number?
True
Is 112/(-14) - 8/(56/(-365155)) composite?
True
Let f = -70 + 80. Is 5449/4 - (f + (-430)/40) a composite number?
True
Let x(t) = -t**3 + 18*t**2 + 16*t + 64. Let p be x(19). Suppose 3*m - 123 = -g + p*m, -g + 125 = -3*m. Is g a composite number?
False
Suppose 0 = j - 1, 34864 - 7272 = g - 3*j. Is g a prime number?
False
Let f be (-1269)/18*(-2 + (-8)/(-6)). Let r = 42 - f. Let d(c) = -22*c**3 + 3*c - 6. Is d(r) composite?
False
Let t = -12176 - -22603. Is t a composite number?
False
Suppose -3*y + 2*b = -9, 4*y - b = -3*b + 26. Suppose 4*h - 1822 = y*j - 7415, 3*h - 9 = 0. Is j prime?
False
Suppose k + 701101 = 3*p, 15*k - 10*k = 10. Is p a prime number?
False
Is (-274627*10)/(-5)*82/164 prime?
True
Let i = 69 - 67. Suppose -i*w = 3*u - 10041, u = -w - 0*u + 5023. Suppose -8*b + w = -4*b. Is b composite?
True
Let c be 70343/21 - 2/(-6). Suppose -c = k - 6*k. Suppose 0*m - k = -5*m. Is m a composite number?
True
Suppose b - 7 = w - 0, 5*w = 0. Suppose 0 = -l - 5*f + 23, 3*l - b*l = -3*f. Is 15/l - 4 - (2 - 830) a composite number?
False
Let w(v) = v - 4. Let h be w(6). Is (12291 + -5)/h*1 composite?
False
Let u(b) = -b**2 + 21*b + 132. Let d be u(-5). Suppose 26*p = 22*p - d*k + 884, 0 = -p - k + 219. Is p composite?
False
Suppose -63*u = -74*u. Let s(x) = 2*x**2 - 4*x + 2203. Is s(u) composite?
False
Suppose -8*r - 1255104 + 2237219 + 2069093 = 0. Is r a composite number?
False
Suppose 2*x + 4*k = 197344, 5*x + 2*k - 378938 - 114382 = 0. Is x a prime number?
False
Let c(h) = -27 - 1807*h - 29 - 27 + 298*h. Is c(-4) a prime number?
True
Let y be (45/(-12) - -4) + (-42)/8. Let q be -3*10/y*739/(-6). Let n = q + 1112. Is n a composite number?
False
Let v(k) = 697*k**2 + 9*k - 17. Let q be v(2). Suppose 658 = 3*i - q. Is i prime?
False
Let b = 60 + -48. Suppose f = 7*f - b. Is (-15)/(-5) + 508 + (0 - f) prime?
True
Let k = 26 - 2. Suppose -2*o = -6*o + k. Is 2 + (-30)/o - -109 a prime number?
False
Suppose 2*d - 5*d - 4 = -4*z, -3*d + 32 = 5*z. Suppose h = -5, -z + 24 = -g - 5*h. Is ((-7 + g)*(-553)/2)/1 prime?
False
Let r be 6/8*(86 - -10). Suppose 17*l - r = 14*l. Suppose 0 = -l*c + 28*c - 444. Is c a prime number?
False
Let q(j) = -8*j**2 + 4*j - 5. Let i be q(1). Let a be 0 - ((-2)/1)/((-6)/i). Suppose -4*l - 379 = -m, 2*m - a*l - 2*l - 758 = 0. Is m composite?
False
Let n = -420 - -424. Suppose 3*i - 4*m = -5*m + 3300, -5*i - n*m = -5507. Is i composite?
True
Let m(b) = -22*b**3 + 58*b**2 + 138*b + 41. Is m(-36) a prime number?
True
Let u(q) = 7*q**2 + 2*q - 3. Let k be u(1). Let y be ((-18)/5)/(k/(-75)). Suppose 40*j - y*j = -1655. Is j composite?
False
Let a(i) = -3*i**2 - 7*i - 1. Let q be a(-7). Let k = q + 256. Is k composite?
False
Let y be (1008/324)/(4/18). Is 253912/y - 174/(-406) a prime number?
False
Let b(n) = 1294*n + 24. Let d be b(9). Suppose d = z + 4*z + 5*i, -2*z - 5*i = -4668. Suppose 0 = 7*w - 13*w + z. Is w a composite number?
False
Let y = 109213 + -70260. Is y prime?
True
Suppose 15 + 90 = -7*r. Is (-2)/r - 559596/(-180) prime?
True
Suppose -4*w = -16, 2*l = -w + 13863 - 2641. Suppose 15*q = 22816 + l. Is q a prime number?
False
Let f = -701 - -